131283 - 72311. List the prime factors of n.
2, 23, 641
Let b(x) = -2*x**2 + 38*x - 17. Let m be (-246)/(-24) - (-2)/(-8). Let p be (-108)/270 - ((-328)/m)/2. List the prime factors of b(p).
79
Let w = 213 + -150. Suppose w*q = 60*q + 594. List the prime factors of q.
2, 3, 11
Suppose -972*r + 971*r + 109299 = 3*h, -24 = 4*r. List the prime factors of h.
3, 5, 7, 347
Let y(q) be the third derivative of -6*q**2 - 1/30*q**5 + 0 + 1/24*q**4 + 1/40*q**6 + 0*q - 1/6*q**3. What are the prime factors of y(2)?
17
Let f(k) be the third derivative of k**4/12 - k**3/3 + 13*k**2. Let c be f(2). Let q = 52 + c. List the prime factors of q.
2, 3
Let q be (14/4 - -1)*142. Suppose -463*o - 20 = -465*o. Suppose o*u - 1739 = -q. List the prime factors of u.
2, 5, 11
Let n = -242 + 77. Let c = -92 - n. What are the prime factors of c?
73
Suppose 5*c = 4*o + 102603, c = 8*o - 6*o + 20517. What are the prime factors of c?
3, 6841
Let f be 45/(-39) + (148/(-52) - -3). What are the prime factors of (-2 - 118*-2) + -5 + f?
2, 3, 19
Suppose 10 = 2*n - 3*n - 3*l, -3*l = 15. Suppose -w = -4*t + 13 - 1, -5*w = -2*t + 24. Suppose t*p + 50 = n*r, 2*r - 30 = -r - 3*p. List the prime factors of r.
2, 5
Let w(r) = 5*r**2 + 55*r - 113. Let o be w(-24). Suppose 0 = -3*l + 2*n + 2015, 3*l + 5*n - o = 582. What are the prime factors of l?
673
Let r(c) = -1208*c - 848. List the prime factors of r(-26).
2, 5, 191
Let z = -50 + 53. Let p be (z - 11/(-5)) + (-1)/5. Suppose -p*n = -2*d + 2 + 103, d = -3*n + 80. List the prime factors of d.
5, 13
Suppose 2*y - 7*y - u + 14 = 0, -1 = u. Suppose -6799 = -y*l - 10*l. What are the prime factors of l?
523
Let z be (0/(-6 + 3))/6. Suppose z = -9*a + 32*a - 34270. List the prime factors of a.
2, 5, 149
Let n = 143132 + -80142. List the prime factors of n.
2, 5, 6299
Suppose -178*i + 3059534 + 13925938 = 0. List the prime factors of i.
2, 3, 7, 71
Let u(r) = 9*r**2 + 242*r - 181. List the prime factors of u(-42).
5531
Let c(g) = 140*g - 365. What are the prime factors of c(12)?
5, 263
Suppose -23*k + 27*k = 760. Let i = k + -118. What are the prime factors of i?
2, 3
Suppose -12*t + 6 + 18 = 0. Suppose 0 = -6*n + 11*n + t*h - 99, n - 3*h = 13. What are the prime factors of n?
19
Suppose -5*u = -4*b - 113580, -u + 2*b + 26889 - 4167 = 0. What are the prime factors of u?
2, 17, 167
Suppose 60*q - 21*q - 398229 = 0. List the prime factors of q.
10211
What are the prime factors of -4 - (2/(-7) + (-2 - (-494276)/(-28)))?
19, 929
Let c(h) = -h**3 + 13*h**2 + 27*h + 23. Let k be c(15). Let o(g) = -66*g - 39. What are the prime factors of o(k)?
3, 157
Let o be ((-10)/(-2))/(21 - 20). Suppose -o*k = -2*d + 1194, 0 = -3*d + k + 2*k + 1773. List the prime factors of d.
587
What are the prime factors of (1046 - (-1)/1)/((-155)/6 - -26)?
2, 3, 349
Suppose 7*o = 2*o + 1250. Suppose -230 = -15*w + o. List the prime factors of w.
2
Let a(k) = 912*k**3 + 7*k**2 - 47*k + 132. What are the prime factors of a(4)?
2, 67, 109
List the prime factors of (-5 - -2)*(-150582)/(-18)*-1.
25097
Suppose 3*v - 41 = -4*b, -4*v - 4*b = -81 + 21. List the prime factors of 1338/2 + v + -23.
5, 7, 19
Suppose -29*t + 30608 = -24*t + 4*p, t + p - 6121 = 0. What are the prime factors of t?
2, 1531
Let u(c) = c + 5. Let q be u(21). Let g = -24 + q. Suppose g*w - 2*l = -5*l + 106, -3*w + 3*l = -174. List the prime factors of w.
2, 7
Let c be (-51)/(-13)*2 - (-14)/91. Let q(d) be the second derivative of d**5/20 - 5*d**4/12 - 10*d**3/3 + 3*d**2/2 - d. What are the prime factors of q(c)?
5, 7
Suppose 0*j - 7*j + 28 = 0. Suppose 3*t - j = 2*t. Suppose 0 = -t*q + 8, -4*h + 41 + 3 = -4*q. What are the prime factors of h?
13
Suppose -2*q + y - 2*y = -8, q = 5*y - 7. Suppose 0*n - q*n + z = -119, z = 5*n - 201. Suppose -45 = 36*o - n*o. List the prime factors of o.
3
Let k(h) = -96*h**3 - 36*h**2 - 138*h + 38. What are the prime factors of k(-7)?
2, 4021
What are the prime factors of (-15)/(104234/8021 + -13)?
5, 617
Let r = 35 - 27. Let j = r + 150. List the prime factors of j.
2, 79
Let x = -23 + 122. Suppose k = 5*q + 489, -q = -0*k + k + x. Let i = q - -251. List the prime factors of i.
3, 17
Let l = -29468 - -48582. List the prime factors of l.
2, 19, 503
Let o(m) be the first derivative of -11*m**4/2 + 3*m**3 + 15*m**2/2 - 2*m - 91. What are the prime factors of o(-3)?
2, 157
Suppose -56*m + 1160789 = 301357. List the prime factors of m.
103, 149
Let t(h) = -h**3 + 6*h**2 - 3*h - 1. Let i be t(4). Let l = 3360 - 3348. Suppose i*m - 1295 = l*m. What are the prime factors of m?
5, 37
Let y = 282 + -274. Suppose -1677 = -5*n - 3*z, 0*z - 2*z = -y. List the prime factors of n.
3, 37
Let b(p) = -p**2 + p + 3. Let r be b(3). Let g(i) = 3*i - 65. Let k be g(7). Let d = r - k. List the prime factors of d.
41
Let l(m) = -103*m**3 + 2*m**2 + 7*m + 6. Let n be l(-1). Let t = n + 159. What are the prime factors of t?
263
Let n(r) = -18*r - 2. Suppose 0*c = -4*c - 8, 2*u + c = -20. Let i be n(u). Suppose -x + i = 4*x + 3*a, a - 30 = -x. What are the prime factors of x?
5, 7
Let f(v) be the second derivative of v**4/3 - 2*v**3 + 45*v**2/2 - v + 53. What are the prime factors of f(8)?
5, 41
Let c(b) = b**2 + 6*b + 10. Suppose -5*d + 15 + 4 = -k, 8 = k + 4*d. Let z be c(k). Suppose z*w + 1 = -3, -19 = -q + 4*w. List the prime factors of q.
11
Let f(v) = -8 - 3*v - 5*v + 4*v. Let g be 113/113 + (-2)/2 + -6. What are the prime factors of f(g)?
2
Let f be 2/9 + 2/(-9). Suppose f*w + 523 = 2*j + 3*w, 4*j + w - 1041 = 0. What are the prime factors of j?
2, 5, 13
Let w(l) = -13*l + 3. Let p be w(11). Let j be ((-6)/(-4))/((-21)/p). What are the prime factors of 2 - j*(-2)/2?
2, 3
List the prime factors of 2/25 + (-3909653)/(-275).
3, 7, 677
What are the prime factors of (-14)/(((-2468)/1236 + 2)*-3)?
2, 7, 103
Suppose 5*q + 3*c = -1729, -5*c = -11*q + 14*q + 1047. Let r = q - -1190. What are the prime factors of r?
2, 3, 47
Let x(b) = -4*b - 20 - 11 - 3*b. Let q(i) = -3*i**3 + 3*i**2 + i - 3. Let y be q(2). What are the prime factors of x(y)?
2, 3, 5
Suppose 5*z = -4*y + 156, 4*y - 5*z = -0*y + 116. Let k = 37 - y. Suppose 0*v - 180 = -k*v. What are the prime factors of v?
2, 3, 5
Let x be (-81)/(-1) - 2/2. Let a = -78 + x. Suppose a*y + 1 = -3, 4*q - 714 = 3*y. List the prime factors of q.
3, 59
Let d be (-114)/((-12)/(-2)) - 2. What are the prime factors of (1946/d + 5)*-3?
263
Let v be (-180)/50*5*-1. Suppose 0 = -16*q + v*q - 2298. List the prime factors of q.
3, 383
Let u(f) = 2*f - 66. Let k be u(17). Let w = 14 + k. What are the prime factors of w/(-12)*(4/(-6) - -2)?
2
Let b(r) = -7*r + 17. Let w be b(9). Let x = w + 105. Let n = -44 + x. List the prime factors of n.
3, 5
Let f(x) = -178*x**3 - 2*x**2 + x + 6. Let q be f(-2). Suppose 6*n - 10*n + q = 0. List the prime factors of n.
5, 71
Let l(o) = o**2 - 5 + 10*o - 17 + 3. Let b be l(-11). Let j = -4 - b. What are the prime factors of j?
2
Let u = 0 + -1. Let d be (u + 13 + 0)/((-16)/72). Let p = 124 + d. What are the prime factors of p?
2, 5, 7
Suppose -120 + 117 = -l. Suppose -l*j + 3*q - 325 = -916, 3*q - 753 = -4*j. List the prime factors of j.
2, 3
Let d(c) = 3*c**3 - 2*c**2 + 8*c - 24. Let z(h) = 4*h**3 - 2*h**2 + 8*h - 25. Let u(w) = 3*d(w) - 2*z(w). What are the prime factors of u(9)?
617
Suppose 47529 = 158*x - 149*x. Suppose -x = -3*v - 16*p + 17*p, 0 = -p - 1. What are the prime factors of v?
2, 5, 11
Let i(u) = -4*u**3 + 29*u**2 + 30*u - 147. List the prime factors of i(-17).
2, 29, 59
Suppose 0 = 12*v - 170 - 166. Let x = -28 + v. Suppose x = -0*b + 4*b - 172. What are the prime factors of b?
43
Let f be (-1)/(1/5) - -501. Suppose -272 = -3*c - s + f, -1013 = -4*c - 5*s. What are the prime factors of c?
257
Let v = -8 - -43. Suppose 33*k + 50 = v*k. Suppose 3179 = -8*g + k*g. What are the prime factors of g?
11, 17
Suppose -94*r = -55*r - 238719. List the prime factors of r.
6121
Let b(f) = -f**3 - 35*f**2 + 73*f - 310. List the prime factors of b(-46).
2, 3, 19, 43
What are the prime factors of (-3)/(6 - 4602783/767119)?
33353
Let a(b) = -2*b**2 - 77*b + 21. Let u be a(-39). What are the prime factors of (-6*3/u)/((-3)/(-465))?
5, 31
Let s(d) = 25*d + 30. Let u be s(10). Suppose -l + u = -5*f, -311 = -2*l - 4*f + 305. List the pr